 5
Let k(m) = -99*m**3 + m**2 + m + 1. What are the prime factors of k(-1)?
2, 5
Let o(c) = -c + 7. Let j be o(6). Let t be j + -4 - (-99 - -4). Suppose -20 = 5*g, -4*n - g + 5*g + t = 0. List the prime factors of n.
19
Suppose -2*n - 4*j = -2324, -6*j + 4*j = 4*n - 4648. List the prime factors of n.
2, 7, 83
Let j(b) = 5*b**3 - 3*b**2 - 11*b + 11. List the prime factors of j(4).
239
Let p(g) be the third derivative of g**6/120 + g**5/10 - 3*g**4/8 - 2*g**3/3 + 22*g**2. Suppose 0 = 2*k + 11 + 3. What are the prime factors of p(k)?
2, 5
Let f(v) be the first derivative of -31*v**2/2 + 3. List the prime factors of f(-1).
31
Let u(s) = -s - 6. Let g be u(-14). Let r be 30/(-7) - g/(-28). What are the prime factors of 6/r*(-376)/12?
47
Let n(x) = -2*x**3 + 0 + 4 + 0 + 8*x - 2*x**2 + x**3. Let p be n(-6). List the prime factors of ((-40)/p)/((-1)/5).
2
Let i = 15777 + -9997. What are the prime factors of i?
2, 5, 17
Let c be -2*(-1)/(-4)*-42. Let u = c + 27. List the prime factors of u.
2, 3
Let i(y) = 17*y**2 - 4*y + 3. Let u be i(2). Let t be -1 + 7 - (-4)/(-1). Suppose -t*b - 2*g + 42 = -4*g, 5*g - u = -2*b. List the prime factors of b.
2, 3
Suppose 0*a - 2*a + 17 = 3*u, 5*u - 45 = -5*a. Suppose -1608 = -a*h + 2*h. What are the prime factors of h?
3, 67
Let z(f) = 6*f**3 + 3*f**2 + 2*f + 4. Let a(g) = -17*g**3 - 10*g**2 - 7*g - 12. Let m(j) = 4*a(j) + 11*z(j). List the prime factors of m(-5).
101
Let p = -2409 - -6855. What are the prime factors of p?
2, 3, 13, 19
Let t(x) = x**3 - 4*x + 1. Let h be t(-2). What are the prime factors of (-7 - -1)/((-4)/74) - h?
2, 5, 11
Suppose -5*n - 3*p = -111, 4*n - 19 = 3*n + p. Let r = n + -8. List the prime factors of r.
13
Suppose 17*a + 1329 = 12991. What are the prime factors of a?
2, 7
Suppose 6*f + 0 = 30. Suppose -f*i = -8*i + 51. What are the prime factors of i?
17
Let j(d) = d**2 + 3*d + 9. Let y(q) = 2*q**2 + 4*q + 9. Let l(u) = -5*j(u) + 4*y(u). List the prime factors of l(4).
43
Let i be (19 + -23)*(-27)/4. Suppose -s = -3 - 2. Suppose -i = -s*m + 3. List the prime factors of m.
2, 3
List the prime factors of (116 + -56)/(-2 - (-192)/94).
2, 3, 5, 47
What are the prime factors of (-14)/21*30/4 - -181?
2, 11
Let z(v) = -23*v - 69. Let n be z(8). Let q = 461 + n. List the prime factors of q.
2, 13
Let o be ((-4)/(-1))/(-1 + 3). Suppose 0 = v + 5*h, v - o*h - 24 = -h. List the prime factors of v.
2, 5
Suppose 4*h - 4*z = -0*z + 4860, -3*h + 3620 = 2*z. What are the prime factors of h?
2, 5, 11
Let f be 4 + 10185/27 - 2/9. Suppose -f = -3*b - 87. What are the prime factors of b?
2, 7
Suppose -3*g - 2*g = 0. Let f(u) = -u**3 - 7*u**2 - 8*u - 8. Let b be f(-6). Suppose -b*h + h + 45 = g. List the prime factors of h.
3, 5
Suppose 40 = -j + 3*i, 0*j + 2*j + 5*i = -124. Let t = j - -79. What are the prime factors of (t/12)/((-6)/(-208))?
2, 3, 13
Let r(d) = 214*d + 100. List the prime factors of r(4).
2, 239
Suppose 0 = c + 52 - 346. Suppose 3*d + c - 28 = 5*v, 152 = 3*v + 2*d. List the prime factors of v.
2, 13
Let i(h) = h**2 + 7*h - 1. Suppose 2*k - 64 + 8 = 0. Let y = k + -36. List the prime factors of i(y).
7
Let d(x) = 4*x**2 + 7 + 4*x - 4*x + 13*x. Let y be d(-10). Suppose -4*f - 8 = 0, 0*b - 4*f = 5*b - y. List the prime factors of b.
3, 19
Let q(m) = 84*m + 314. List the prime factors of q(27).
2, 1291
Suppose a = 4*a. Let o be -1*(a/3 + -34). Let v = 0 + o. What are the prime factors of v?
2, 17
Let u(l) = 24*l - 508. What are the prime factors of u(26)?
2, 29
Suppose 0 = 3*s - 15, -5*s + 304 = z - 252. List the prime factors of z.
3, 59
Let y be (-3 - (-1 + -330)) + (2 - 2). Suppose y = 2*h + 6. List the prime factors of h.
7, 23
Let l = 342 + 585. List the prime factors of l.
3, 103
Suppose 0 = 3*d, 8*d + 506 = 2*b + 3*d. Let g = b + -79. List the prime factors of g.
2, 3, 29
Let b(t) = t**2 + 7*t - 10. Let d be b(-7). Let w = 2 - d. Suppose 0 = -5*u - 5, -5*c = -3*u - 41 - w. List the prime factors of c.
2, 5
Suppose -3*d + 763 = 2*a, -5*a - 11*d + 1925 = -7*d. What are the prime factors of a?
389
Suppose -5*j - 12 - 68 = 0. Let i = 21 + j. Suppose 2*u - i*x = 91, -5*x - 26 - 27 = -u. What are the prime factors of u?
2, 19
Suppose -54*l = -49*l - 10. Suppose 2*w + 3*a - 258 = 0, -3*w + 199 + 183 = l*a. What are the prime factors of w?
2, 3, 7
Let m(c) be the third derivative of -c**6/60 - c**5/15 + 11*c**4/24 + 13*c**3/3 - 39*c**2. List the prime factors of m(-6).
2, 31
Let k(o) = -o**2 - 10*o - 7. Let x be k(-9). Let r(a) = -1. Let z(w) = -w - 25. Let m(d) = x*r(d) - z(d). What are the prime factors of m(-7)?
2
Let s(z) = 11*z**2 - 7*z - 2. Let i be s(-5). Let o = 516 - i. List the prime factors of o.
2, 13
Suppose 111 = -137*b + 140*b. List the prime factors of b.
37
Let h be 2/3*39/26. List the prime factors of h*(-4 + (-26)/(-1)).
2, 11
Let i be (-4 - (-78)/9)*-3. Let n be (-4638)/i - (-14)/(-49). Suppose 4*o = m - 54, 3*o - 95 + n = 5*m. What are the prime factors of m?
2, 23
Let k = 16 - 14. Suppose -p + 19 = r, -r - k*r + 2*p = -37. Suppose -5*w + r = 0, -m = 4*w - 69 + 17. List the prime factors of m.
2, 5
Let v(n) = -n - 9. Let f be v(-5). Let b(k) = -2*k + 3. Let o be b(f). Let l = -5 + o. List the prime factors of l.
2, 3
Let v = -40 - -71. Let l = -58 + v. Let b = -24 - l. What are the prime factors of b?
3
Suppose 3136 + 2384 = 4*t. Suppose 3*s = -9*s + t. What are the prime factors of s?
5, 23
Let m(s) = s**3 + 10*s**2 + 7*s - 11. Let k(h) = 2*h + 13. Let j be k(-11). Let t be m(j). What are the prime factors of (-172)/(-7) - 4/t?
2, 3
Suppose 3*a - 393 = -4*v + 427, -5*a = 20. Suppose 5*w = 3*w - v. List the prime factors of 1/(1 - (-100)/w).
2, 13
Let h(x) = 4*x**3 - 6*x**2 + 21*x - 8. List the prime factors of h(11).
3, 1607
Suppose -4*l + 149 - 10 = y, 103 = 3*l + 2*y. Let b be (427/l)/((-2)/(-10)). Let p = -35 + b. What are the prime factors of p?
2, 13
Let p be 3/((-1)/15*-9). Suppose 0 = -n + p*n + 8. What are the prime factors of 19 - (n + 3)/1?
2, 3
Suppose 0 = 10*g - 11 - 19. Suppose -9 = -2*l + 5*r, -g*l + 3*r + 21 = -15. What are the prime factors of l?
17
Suppose 2*m - 3 = 7. Suppose 526 = 3*a - 0*a + 5*x, -m*a - 4*x + 868 = 0. List the prime factors of a.
2, 43
Suppose -4*j + 5*w = 2, -3*j + 5 = w - 3. Let t be 2263/93 - 1/(-6)*-2. Suppose -5*q = 5*b - 63 + 3, j*q - t = 2*b. What are the prime factors of q?
2, 3
Let b be 6*(4/(-8) - 1). Let o(y) = -y**2 - 10*y - 3. Let q be o(b). Suppose z - 3*c - 32 = -q*c, 2*z + 5*c - 61 = 0. List the prime factors of z.
23
Suppose -10*b = 1086 - 4576. Suppose 0 = 9*g - b - 1082. List the prime factors of g.
3, 53
What are the prime factors of (-3234)/(-5) + 5/25?
647
Suppose 7*i - 3984 + 799 = 0. What are the prime factors of i?
5, 7, 13
Let d(y) = y**3 - 4*y**2 + 2*y + 2. Let g be d(3). Let w be -3 + g*(-21)/3. Suppose 5*b = 6*b + 3*a - 36, 0 = 4*b - w*a - 224. List the prime factors of b.
3, 17
Let b = 55 - -35. Suppose k = b + 7. List the prime factors of k.
97
Let o = -353 - -909. What are the prime factors of o?
2, 139
Suppose 4*h + 5*a = -7, 4*a + 0*a + 16 = 2*h. Suppose r = -h*r, -w = -r - 14. List the prime factors of w.
2, 7
What are the prime factors of ((-460)/6)/(164/(-4674))?
5, 19, 23
Suppose 1614 = c - 3*o, -2*c - 12*o = -7*o - 3173. What are the prime factors of c?
3, 13, 41
Let n(l) = 215*l - 121. What are the prime factors of n(9)?
2, 907
Let b = 29 - 49. Let r be b*(48/20 - 2). List the prime factors of (-170)/r + 16/(-64).
3, 7
Let t(f) = -f - 14. Let j be t(-17). Suppose 0 = 4*b - 3*b - j. Suppose 0 = q - 5*k - 18, -b*q + 17 = -k - 23. What are the prime factors of q?
13
Suppose 18*x = x + 55063. List the prime factors of x.
41, 79
Let p(o) = -o - 1. Let s(y) = 3*y + 4 + 5 - y. Let f(h) = 3*p(h) + s(h). What are the prime factors of f(-8)?
2, 7
Let m = -25 + 42. Suppose -108 - m = -5*o. List the prime factors of o.
5
Let a(q) = q**3 - 22*q**2 - 33*q + 3. What are the prime factors of a(24)?
3, 11
Let x(b) = b**2 + 8*b - 3. Let j be (6/(-4))/((-3)/(-28)). List the prime factors of x(j).
3
Let u(x) = x**3 - 15*x**2 - x + 14. Let q be u(15). What are the prime factors of (-1 - q) + -4 + 137 + -5?
2
Let c = 623 - -47. What are the prime factors of c?
2, 5, 67
Let t = 9 - 6. Suppose 2*i + 262 = -t*o + 4*i, 3